{"id":1416,"date":"2019-04-23T12:13:24","date_gmt":"2019-04-23T10:13:24","guid":{"rendered":"http:\/\/localhost\/teslim\/?page_id=1416"},"modified":"2022-08-06T21:52:37","modified_gmt":"2022-08-06T19:52:37","slug":"equipe","status":"publish","type":"page","link":"https:\/\/www.ictsc-tchad.com\/index.php\/equipe\/","title":{"rendered":"Equipe"},"content":{"rendered":"\n<div class=\"wp-block-file\"><a href=\"https:\/\/www.ictsc-tchad.com\/wp-content\/uploads\/2022\/08\/equipe_ITSC.jpeg\">Equipe Football ITSC<\/a><a href=\"https:\/\/www.ictsc-tchad.com\/wp-content\/uploads\/2022\/08\/equipe_ITSC.jpeg\" class=\"wp-block-file__button\" download>T\u00e9l\u00e9charger<\/a><\/div>\n\n\n\n<p>Dans le cadre de responsabilit\u00e9 de sociale, nous encourageons des initiatives d&rsquo;accompagnement des jeunes dans des divers domaines: Football, Miss Tchad, Dense Traditionnelles, et bien d&rsquo;autres <\/p>\n\n\n\n<ul class=\"wp-block-list\"><li>Notre \u00e9quipe de Football a \u00e9t\u00e9 le champion successives de 2 derniers tournois communales <\/li><\/ul>\n\n\n\n<figure class=\"wp-block-image size-large\"><img loading=\"lazy\" decoding=\"async\" width=\"1024\" height=\"767\" src=\"https:\/\/www.ictsc-tchad.com\/wp-content\/uploads\/2022\/08\/equipe_ITSC-1-1024x767.jpeg\" alt=\"\" class=\"wp-image-2277\" srcset=\"https:\/\/www.ictsc-tchad.com\/wp-content\/uploads\/2022\/08\/equipe_ITSC-1-1024x767.jpeg 1024w, https:\/\/www.ictsc-tchad.com\/wp-content\/uploads\/2022\/08\/equipe_ITSC-1-300x225.jpeg 300w, https:\/\/www.ictsc-tchad.com\/wp-content\/uploads\/2022\/08\/equipe_ITSC-1-768x575.jpeg 768w, https:\/\/www.ictsc-tchad.com\/wp-content\/uploads\/2022\/08\/equipe_ITSC-1.jpeg 1080w\" sizes=\"auto, (max-width: 1024px) 100vw, 1024px\" \/><\/figure>\n","protected":false},"excerpt":{"rendered":"<p>Dans le cadre de responsabilit\u00e9 de sociale, nous encourageons des initiatives d&rsquo;accompagnement des jeunes dans des divers domaines: Football, Miss Tchad, Dense Traditionnelles, et bien d&rsquo;autres Notre \u00e9quipe de Football a \u00e9t\u00e9 le champion successives de 2 derniers tournois communales<\/p>\n","protected":false},"author":1,"featured_media":0,"parent":0,"menu_order":0,"comment_status":"closed","ping_status":"closed","template":"","meta":{"footnotes":""},"class_list":["post-1416","page","type-page","status-publish","hentry"],"_links":{"self":[{"href":"https:\/\/www.ictsc-tchad.com\/index.php\/wp-json\/wp\/v2\/pages\/1416","targetHints":{"allow":["GET"]}}],"collection":[{"href":"https:\/\/www.ictsc-tchad.com\/index.php\/wp-json\/wp\/v2\/pages"}],"about":[{"href":"https:\/\/www.ictsc-tchad.com\/index.php\/wp-json\/wp\/v2\/types\/page"}],"author":[{"embeddable":true,"href":"https:\/\/www.ictsc-tchad.com\/index.php\/wp-json\/wp\/v2\/users\/1"}],"replies":[{"embeddable":true,"href":"https:\/\/www.ictsc-tchad.com\/index.php\/wp-json\/wp\/v2\/comments?post=1416"}],"version-history":[{"count":2,"href":"https:\/\/www.ictsc-tchad.com\/index.php\/wp-json\/wp\/v2\/pages\/1416\/revisions"}],"predecessor-version":[{"id":2278,"href":"https:\/\/www.ictsc-tchad.com\/index.php\/wp-json\/wp\/v2\/pages\/1416\/revisions\/2278"}],"wp:attachment":[{"href":"https:\/\/www.ictsc-tchad.com\/index.php\/wp-json\/wp\/v2\/media?parent=1416"}],"curies":[{"name":"wp","href":"https:\/\/api.w.org\/{rel}","templated":true}]}}